ed by 2333?
1266
What is the remainder when 211379752 is divided by 135?
127
Calculate the remainder when 171427 is divided by 2143.
2130
Calculate the remainder when 322397 is divided by 334.
87
Calculate the remainder when 10138 is divided by 1393.
387
What is the remainder when 990654 is divided by 25400?
54
Calculate the remainder when 50150126 is divided by 37.
30
What is the remainder when 58353 is divided by 12587?
8005
What is the remainder when 58696 is divided by 27383?
3930
What is the remainder when 16757144 is divided by 150964?
140
Calculate the remainder when 10347 is divided by 134.
29
What is the remainder when 8092227 is divided by 4032?
3
Calculate the remainder when 11210185 is divided by 1399.
1397
Calculate the remainder when 81394 is divided by 153.
151
What is the remainder when 10054325 is divided by 2283?
2276
What is the remainder when 1153941 is divided by 27?
15
What is the remainder when 3538331 is divided by 113?
75
What is the remainder when 153191 is divided by 509?
491
What is the remainder when 7682130 is divided by 54483?
27
What is the remainder when 267254970 is divided by 68?
10
Calculate the remainder when 190442 is divided by 422.
120
Calculate the remainder when 37696 is divided by 52.
48
Calculate the remainder when 2325948 is divided by 1613.
2
What is the remainder when 514572 is divided by 67?
12
Calculate the remainder when 1559258 is divided by 3346.
22
Calculate the remainder when 30627949 is divided by 91.
79
Calculate the remainder when 2862091 is divided by 928.
139
Calculate the remainder when 1486619 is divided by 7113.
2
What is the remainder when 2159521 is divided by 95?
76
What is the remainder when 1745968 is divided by 8908?
0
What is the remainder when 115659 is divided by 247?
63
What is the remainder when 216819 is divided by 1655?
14
What is the remainder when 4172932 is divided by 2086461?
10
What is the remainder when 357350 is divided by 9378?
986
Calculate the remainder when 35881991 is divided by 16.
7
Calculate the remainder when 6573186 is divided by 2178.
2160
What is the remainder when 1738078 is divided by 1481?
865
Calculate the remainder when 3468382 is divided by 1326.
892
What is the remainder when 74805952 is divided by 5?
2
What is the remainder when 4001759 is divided by 800245?
534
Calculate the remainder when 102654 is divided by 1435.
769
Calculate the remainder when 355138 is divided by 59138.
310
What is the remainder when 39768557 is divided by 80?
77
What is the remainder when 72203 is divided by 62768?
9435
What is the remainder when 1912350 is divided by 1912222?
128
Calculate the remainder when 12629977 is divided by 1870.
1867
What is the remainder when 36980113 is divided by 924502?
33
Calculate the remainder when 4142382 is divided by 73971.
6
What is the remainder when 1224425 is divided by 306072?
137
What is the remainder when 58771769 is divided by 271?
270
What is the remainder when 1557278 is divided by 173007?
215
Calculate the remainder when 20003 is divided by 5668.
2999
Calculate the remainder when 1229342 is divided by 359.
126
Calculate the remainder when 6584703 is divided by 2110.
1503
Calculate the remainder when 51895 is divided by 4512.
2263
What is the remainder when 983415 is divided by 57847?
16
Calculate the remainder when 1278984 is divided by 744.
48
Calculate the remainder when 24649126 is divided by 379217.
21
Calculate the remainder when 3966911 is divided by 34.
29
What is the remainder when 32035330 is divided by 278568?
10
Calculate the remainder when 44821 is divided by 21698.
1425
What is the remainder when 64230 is divided by 184?
14
What is the remainder when 671304 is divided by 3711?
3324
Calculate the remainder when 372519 is divided by 8157.
5454
What is the remainder when 144789220 is divided by 438?
436
What is the remainder when 8642481 is divided by 56858?
65
Calculate the remainder when 1107003 is divided by 14760.
3
What is the remainder when 363784 is divided by 15133?
592
Calculate the remainder when 28209538 is divided by 14104767.
4
What is the remainder when 14484 is divided by 3490?
524
What is the remainder when 443067 is divided by 3234?
9
What is the remainder when 15412046 is divided by 481626?
14
What is the remainder when 71727 is divided by 14194?
757
What is the remainder when 161656 is divided by 2216?
2104
What is the remainder when 790316 is divided by 2469?
236
Calculate the remainder when 21613204 is divided by 174.
142
What is the remainder when 2573198 is divided by 66?
56
Calculate the remainder when 5168321 is divided by 40377.
65
What is the remainder when 747569 is divided by 1999?
1942
Calculate the remainder when 288941 is divided by 36114.
29
Calculate the remainder when 55156753 is divided by 341.
3
Calculate the remainder when 14635 is divided by 14079.
556
Calculate the remainder when 147793 is divided by 157.
56
What is the remainder when 1542358 is divided by 18575?
633
What is the remainder when 140556 is divided by 4642?
1296
Calculate the remainder when 478620 is divided by 236.
12
Calculate the remainder when 383202957 is divided by 280.
277
What is the remainder when 16126137 is divided by 217?
216
What is the remainder when 3514666 is divided by 2914?
382
What is the remainder when 2067558 is divided by 220?
218
What is the remainder when 2516881 is divided by 381?
376
What is the remainder when 479413 is divided by 159778?
79
What is the remainder when 34261 is divided by 298?
289
Calculate the remainder when 4568715 is divided by 2151.
2142
What is the remainder when 3540440 is divided by 37?
21
What is the remainder when 2306259 is divided by 2112?
2067
What is the remainder when 615785 is divided by 1092?
989
Calculate the remainder when 39417 is divided by 3502.
895
Calculate the remainder when 92623 is divided by 498.
493
What is the remainder when 204570 is divided by 188?
26
Calculate the remainder when 3203477 is divided by 6660.
17
Calculate the remainder when 595628 is divided by 194.
48
Calculate the remainder when 30795488 is divided by 14.
10
What is the remainder when 43157834 is divided by 326?
324
Calculate the remainder when 2324680 is divided by 315.
295
What is the remainder when 2496499 is divided by 737?
280
What is the remainder when 144619 is divided by 28352?
2859
What is the remainder when 1812001 is divided by 1987?
1844
What is the remainder when 644899794 is divided by 29?
27
What is the remainder when 3353287 is divided by 299?
2
Calculate the remainder when 1435062 is divided by 1446.
630
What is the remainder when 343859 is divided by 1392?
35
Calculate the remainder when 2854349 is divided by 2854325.
24
Calculate the remainder when 27246 is divided by 1772.
666
Calculate the remainder when 364065 is divided by 6376.
633
Calculate the remainder when 4655 is divided by 1895.
865
What is the remainder when 650 is divided by 105?
20
Calculate the remainder when 145057 is divided by 251.
230
What is the remainder when 5739796 is divided by 494?
10
What is the remainder when 599475 is divided by 2288?
19
Calculate the remainder when 242072 is divided by 40043.
1814
Calculate the remainder when 2176818 is divided by 1603.
1547
Calculate the remainder when 12357282 is divided by 168.
42
Calculate the remainder when 109980 is divided by 8658.
6084
Calculate the remainder when 192188 is divided by 342.
326
What is the remainder when 142907 is divided by 2913?
170
What is the remainder when 594969 is divided by 537?
510
Calculate the remainder when 399817 is divided by 3006.
19
Calculate the remainder when 342093 is divided by 1180.
1073
What is the remainder when 836975 is divided by 9403?
108
Calculate the remainder when 16022397 is divided by 1049.
1020
Calculate the remainder when 5565413 is divided by 702.
659
What is the remainder when 467853 is divided by 128?
13
Calculate the remainder when 296889 is divided by 83.
81
Calculate the remainder when 4107824 is divided by 114106.
8
What is the remainder when 354349 is divided by 87?
85
Calculate the remainder when 96306 is divided by 49.
21
What is the remainder when 1797124 is divided by 37?
34
Calculate the remainder when 150947 is divided by 37677.
239
Calculate the remainder when 75230